 - 10. Let z be k(6). Let w be 1 + 0 + 1 + (-4)/z. Suppose 0 = -0*y - 2*y - g + 1257, 0 = w*y + 5*g - 1868. Is y composite?
False
Suppose 4*i + 9905 - 37733 = 0. Suppose 5582 = 4*j + 5*m, -7*j + i = -2*j - 4*m. Is j prime?
False
Suppose -2*y = -m - 3505067, 5*m = 3*m - 18. Is y prime?
True
Let b be (1 + (-41360)/15)*-3. Let v = b + -3741. Suppose 0 = 3*n - g - v + 327, 0 = 4*n + 5*g - 5576. Is n prime?
True
Let s = -30 + 8. Let x(v) = v**3 + 21*v**2 - 22*v. Let z be x(s). Suppose -12*c + 8*c + 6356 = z. Is c composite?
True
Let u = -11490 - -28889. Is u composite?
True
Let x be -43 - (-3 + 0/(-1)). Let k = 43 + x. Suppose -3*n + 983 = z, -4*z + 120 = k*n - 3794. Is z a prime number?
True
Suppose -16*p - 198530 = -1076754. Is p a composite number?
True
Suppose 83*i - 39261 = 61387 + 84193. Is i composite?
True
Suppose 7699094 = 14*y - 2*m, -3*y - 3*m - 358527 = -2008326. Is y prime?
False
Let k(q) = 316*q + 103. Let l be k(19). Let t = l - 3774. Is t a prime number?
True
Suppose h + 4*q = 55, 0*q = -5*h + q + 359. Suppose 76*g - 20 = h*g. Suppose g*f - 1043 = 617. Is f a prime number?
False
Let r = 5406 - 2674. Let v = r - 571. Is v a prime number?
True
Let l be (2/(-8)*-2)/(11/(-44)). Let g be (-33 + -811)*(2 - 0)/l. Suppose -u + 3*m + g = 3*u, -m = -2*u + 422. Is u a composite number?
False
Let n(i) = -1 - i**2 + i**2 + 16*i - 13*i + 71*i**3. Let b(m) = m**3 + 10*m**2 + 8*m - 7. Let y be b(-9). Is n(y) a composite number?
True
Let i be (-20900)/(-8) - (-14)/(-28). Let q = 4147 - i. Is q prime?
False
Suppose h = 5*n + 7, 2*h + 0*n = 2*n - 10. Let v(x) = 5*x**2 - 35*x - 221. Is v(h) a composite number?
False
Let m be (-2 + -1)*2/6. Let o be m/(392/(-78) - -5). Let k = -37 + o. Is k a composite number?
False
Is (-23)/(-46)*(56629*-4)/(-2) a composite number?
False
Let o = 100 + -25. Suppose -3*s = 12*s - o. Let l(w) = 237*w + 26. Is l(s) a prime number?
False
Let h be (286/5)/((-12)/(-15))*-12. Let p = h - -10477. Is p a prime number?
True
Let r(q) = 74*q + 243. Let p be r(4). Suppose -536*y = -p*y + 24117. Is y a composite number?
False
Let w(x) = -5*x + 2*x + x**3 + 2*x + 14 - 10*x**2. Let d be w(10). Suppose 2*g = -3*l + 1349, -400 = -g + d*l + 269. Is g composite?
False
Let i(o) = -17 + 737*o**3 + 8 + 8 - 2*o**2 + 2. Let z be i(1). Suppose 0 = -5*l + z + 8599. Is l a prime number?
True
Let a be 1*(-9)/12*-4. Suppose -10 = -o + 3*g, -2*g - 19 = -2*o + a*g. Is 3355/o + 22/(-77) composite?
False
Suppose -4*z - 979 = 717. Let w = -163 - z. Suppose 4*x - w = x. Is x a composite number?
True
Suppose 12783 - 9341056 - 191326 = -61*d. Is d a prime number?
True
Let o(b) = 1885*b**2 + 5*b + 17. Let l(a) = -a - 1. Let t(u) = -6*l(u) + o(u). Is t(-2) a composite number?
False
Let l = 77198 + 34691. Is l a prime number?
False
Let u be (4/14)/(2/14). Suppose 2*x - 3 - 3 = 0, 0 = -u*z - 5*x + 23. Suppose z*a + 1221 = 7*a. Is a composite?
True
Suppose -7 = b - u, -b - 3*u - 2 = -3. Is (30*38)/5 + b prime?
True
Suppose -4*q + 9 = -q. Suppose 3*k + 4 + 2 = 0, q*k = -5*g + 49. Suppose -4*y + 2*j + 6548 = 0, 5*j - 31 = -g. Is y a prime number?
False
Let w be 12363/26 - (-2)/4. Suppose 2*s + 2304 = -w. Let i = 2073 + s. Is i a composite number?
False
Let w = 331 - 328. Suppose w*j - o - 221 - 164 = 0, -j + 143 = -4*o. Is j a prime number?
True
Let j(a) be the third derivative of -13*a**7/5040 - a**6/45 + 5*a**5/12 - 24*a**2. Let r(h) be the third derivative of j(h). Is r(-6) composite?
True
Let q(c) = c**3 + c**2. Let v(a) = -5*a**3 + 6*a**2 + 26*a - 18. Let k(t) = -4*q(t) - v(t). Let o be k(12). Is 2*-1 - (5 + o)*121 a composite number?
True
Suppose -2*c + 317693 = t, -3*c - 641*t + 476550 = -638*t. Is c prime?
True
Let v = -12306 + 12308. Let g(u) = 110*u - 5. Let h(k) = 55*k - 2. Let p(d) = -3*g(d) + 7*h(d). Is p(v) a prime number?
False
Let u be 13 - (-2 + 6) - -1. Suppose 0 = 14*r - u*r + 8. Is 1/(0 - r/326) composite?
False
Let k(m) = -2*m**2 + 41*m. Let x be k(21). Let l(o) = o**2 - 28*o + 14. Is l(x) prime?
False
Let i = -47 - -41. Let q(a) = -a**3 - 3*a**2 - 9*a - 5. Let k be q(i). Suppose k = o + 30. Is o prime?
True
Suppose 0 = -4*k + 9*k - 4*c - 4, 0 = 3*k - 5*c + 8. Let x = -342 - -514. Suppose -x = -k*n + 312. Is n a prime number?
False
Let n(u) = -u**2 + 8*u - 10. Let r be n(4). Let x be r/9*-6*-1822. Suppose -2*a + 2*d + x = 0, -3*d + 2 + 7 = 0. Is a a prime number?
False
Let a(p) = -4875*p + 3994. Is a(-19) a prime number?
False
Suppose -127*y + 1194143 = 5*v - 128*y, 238833 = v + 2*y. Is v composite?
False
Let l = -277 - -282. Suppose 0 = -l*k - 3*d + 5302 - 57, 0 = 5*k - 5*d - 5245. Is k composite?
False
Suppose r - 3*f + 26 = 0, f = -2*r - 52 - 0. Let b(u) = -91*u - 31. Let c be b(r). Suppose 2*z = 5*j - 11667, 0 = j + 4*z - 6*z - c. Is j a prime number?
True
Let p = 32744 + -17343. Is p prime?
True
Let r = -723306 + 1095205. Is r prime?
False
Let n = -58 + 68. Suppose -12 = 3*w - 4*u, 3*w - n + 1 = -3*u. Is -1 + -1 + (-3 - -754 - w) a composite number?
True
Let q be (((-78992)/(-6))/4)/((-27)/(-81)). Suppose q = -19*s + 110517. Is s a composite number?
False
Let i(z) = -139*z**2 - 20*z - 9. Let j be i(-4). Is 1/(-2)*(-38)/(-19)*j a composite number?
False
Suppose 3*q = 2*q + 6. Suppose -70 = -h + q*h. Is h/70 - 2196/(-5) prime?
True
Suppose -p = -4*w - 2828 - 19853, -3*w = -5*p + 113524. Is p prime?
True
Let r(z) be the second derivative of -1/6*z**3 - 1/20*z**5 + 22*z + 0 - 2*z**2 - 17/12*z**4. Is r(-19) prime?
False
Let u = -7431 + 3851. Let p(x) = 1823*x - 3. Let d be p(-4). Let l = u - d. Is l composite?
True
Let p(k) = -8*k - 8. Let b be p(-1). Suppose -6*f + 28706 + 5680 = b. Is f prime?
False
Let k(r) = -50*r - 293. Let p be k(-6). Let g(w) = -w**2 - 3*w + 2. Let j be g(-2). Suppose -j*y - 874 = -p*y - c, -3*y + 2*c = -889. Is y composite?
False
Suppose -3*a - 2*q = -0*q + 2, 4*a + 3*q + 3 = 0. Suppose 2*d = -4*f + 3800 + 4170, a = 2*d - f - 7980. Is d composite?
False
Let p(t) = 4136*t + 467. Is p(17) a composite number?
True
Let f(h) = -157*h + 36. Let x = 82 + -61. Let o be 4 + 0/3 - 2 - x. Is f(o) a prime number?
True
Suppose -815*m + 71108 = -811*m. Is m prime?
False
Let f be (-2)/(-9) + 7972/9. Let m = -226 + f. Let h = m + -113. Is h composite?
False
Suppose -2 = -2*n, 2*z + 14*n - 9*n = 51. Suppose 0 = -12*w - z - 13. Let k(q) = -26*q**3 - 2*q**2 + 5. Is k(w) a composite number?
True
Suppose 31351 = 19*p + 1160. Is p a composite number?
True
Suppose 4*s - 392*h = -394*h - 56, -h + 17 = -s. Let u(l) = -14*l - 14*l - 5 - 3 - l**2. Is u(s) a composite number?
True
Suppose -5*x = 3 + 27. Let v(y) = 29*y**2 + 17*y - 1. Is v(x) a composite number?
False
Let v(x) = -60286*x + 8. Let m be v(-1). Suppose 0 = -p - t + 22242, 2*p - m + 15780 = 4*t. Is p prime?
True
Suppose -15*q - 4*q = -57. Suppose -q*f + 6469 = -2*u, -3*f + 7*u = 3*u - 6479. Is f composite?
False
Let v be 22/(-33)*6/1. Let c be v + 18/(-12)*(-8)/3. Is (71*-11 + -1)/(c + -2) prime?
False
Let v(s) = 33*s**3 - s**2 + 2*s - 5. Suppose 0 = t + 4*f - 22, 3*t + 5*f - 26 = f. Is v(t) a prime number?
False
Suppose u - 145213 = -4*c, -u + 3*c - 8*c + 145213 = 0. Suppose -19*r - 29351 + u = 0. Is r a prime number?
False
Let d = -982 + 6339. Is d composite?
True
Suppose -4*s - 110 + 478 = 0. Let m = -20 + s. Let v = -41 + m. Is v prime?
True
Suppose -5*d + d + 4 = -f, 2*f = -5*d + 5. Let o(g) = g**2 - g + 1. Let r(u) = 11*u**2 + 12*u - 28. Let y(k) = d*r(k) - 5*o(k). Is y(14) a prime number?
True
Let j(r) = 182*r**2 - 35*r + 18. Let q be j(11). Suppose 5*x - q = 5*s, 16*x = 12*x - 2*s + 17300. Is x prime?
True
Let x(h) = -2*h**2 + 5*h + 5851. Let t be x(0). Suppose 2*j - 3*u - t = 0, -2*u = -2*j + 3*j - 2929. Is j a composite number?
False
Let z = 265924 + -169077. Is z a composite number?
False
Let t = 264 - 264. Suppose t*m + 2*m = 10, 0 = 5*k - 4*m - 785. Is k a prime number?
False
Is (-9)/12 - (-6 + 4303215/(-36)) prime?
False
Let d = 196966 + -114095. Is d prime?
False
Suppose 3*r + 126 = -6*r. Let x = 11 + r. Is (-149)/(x + 60/21) a composite number?
True
Let m be 5710/(-2)*(-90)/50. Suppose -s = -t + 2726, -4*t = 5*s - 5738 - m. Is t a composite number?
True
Let h = 348 + -255. Suppose h*m - 86*m = 30121. Is m a prime number?
False
Let d(s) = -769*s + 2. Suppose 24*h -